en 122 is divided by 79.
43
What is the remainder when 108 is divided by 37?
34
Calculate the remainder when 508 is divided by 65.
53
Calculate the remainder when 3177 is divided by 395.
17
Calculate the remainder when 19 is divided by 11.
8
What is the remainder when 217 is divided by 129?
88
What is the remainder when 1319 is divided by 12?
11
What is the remainder when 79 is divided by 27?
25
Calculate the remainder when 797 is divided by 20.
17
Calculate the remainder when 2295 is divided by 46.
41
Calculate the remainder when 17461 is divided by 236.
233
Calculate the remainder when 9586 is divided by 10.
6
Calculate the remainder when 195 is divided by 40.
35
Calculate the remainder when 331 is divided by 49.
37
What is the remainder when 715 is divided by 106?
79
What is the remainder when 3534 is divided by 3534?
0
What is the remainder when 31 is divided by 16?
15
Calculate the remainder when 266 is divided by 65.
6
What is the remainder when 708 is divided by 30?
18
Calculate the remainder when 725 is divided by 91.
88
What is the remainder when 132 is divided by 71?
61
Calculate the remainder when 45 is divided by 6.
3
What is the remainder when 66 is divided by 19?
9
What is the remainder when 4190 is divided by 29?
14
Calculate the remainder when 679 is divided by 9.
4
Calculate the remainder when 408 is divided by 15.
3
Calculate the remainder when 2699 is divided by 60.
59
Calculate the remainder when 457 is divided by 114.
1
Calculate the remainder when 3395 is divided by 1685.
25
What is the remainder when 1078 is divided by 1072?
6
Calculate the remainder when 372 is divided by 84.
36
What is the remainder when 80 is divided by 47?
33
Calculate the remainder when 518 is divided by 109.
82
What is the remainder when 328 is divided by 11?
9
Calculate the remainder when 467 is divided by 12.
11
What is the remainder when 1055 is divided by 132?
131
What is the remainder when 196 is divided by 55?
31
What is the remainder when 747 is divided by 27?
18
Calculate the remainder when 426 is divided by 10.
6
What is the remainder when 4024 is divided by 22?
20
What is the remainder when 132 is divided by 9?
6
What is the remainder when 591 is divided by 54?
51
Calculate the remainder when 108 is divided by 34.
6
What is the remainder when 142 is divided by 36?
34
Calculate the remainder when 3509 is divided by 117.
116
Calculate the remainder when 453 is divided by 57.
54
Calculate the remainder when 3557 is divided by 178.
175
What is the remainder when 1538 is divided by 383?
6
What is the remainder when 169 is divided by 71?
27
Calculate the remainder when 860 is divided by 12.
8
Calculate the remainder when 878 is divided by 44.
42
Calculate the remainder when 64 is divided by 13.
12
Calculate the remainder when 8404 is divided by 29.
23
Calculate the remainder when 283 is divided by 18.
13
What is the remainder when 515 is divided by 178?
159
What is the remainder when 73 is divided by 38?
35
What is the remainder when 2312 is divided by 576?
8
Calculate the remainder when 558 is divided by 70.
68
What is the remainder when 595 is divided by 14?
7
Calculate the remainder when 158 is divided by 20.
18
Calculate the remainder when 1233 is divided by 103.
100
Calculate the remainder when 2822 is divided by 25.
22
What is the remainder when 17 is divided by 9?
8
What is the remainder when 138 is divided by 18?
12
Calculate the remainder when 179 is divided by 10.
9
What is the remainder when 444 is divided by 61?
17
What is the remainder when 43 is divided by 6?
1
Calculate the remainder when 2039 is divided by 73.
68
What is the remainder when 96 is divided by 27?
15
Calculate the remainder when 1864 is divided by 47.
31
What is the remainder when 50 is divided by 26?
24
Calculate the remainder when 550 is divided by 119.
74
What is the remainder when 370 is divided by 41?
1
What is the remainder when 606 is divided by 38?
36
Calculate the remainder when 736 is divided by 82.
80
What is the remainder when 767 is divided by 24?
23
Calculate the remainder when 71 is divided by 9.
8
Calculate the remainder when 895 is divided by 13.
11
Calculate the remainder when 148 is divided by 31.
24
Calculate the remainder when 46 is divided by 12.
10
Calculate the remainder when 284 is divided by 13.
11
What is the remainder when 374 is divided by 120?
14
Calculate the remainder when 543 is divided by 42.
39
Calculate the remainder when 1607 is divided by 14.
11
What is the remainder when 273 is divided by 55?
53
Calculate the remainder when 176 is divided by 31.
21
What is the remainder when 333 is divided by 14?
11
Calculate the remainder when 138 is divided by 41.
15
Calculate the remainder when 421 is divided by 94.
45
What is the remainder when 51 is divided by 50?
1
What is the remainder when 94 is divided by 9?
4
What is the remainder when 104 is divided by 54?
50
What is the remainder when 554 is divided by 6?
2
Calculate the remainder when 1274 is divided by 142.
138
Calculate the remainder when 413 is divided by 9.
8
What is the remainder when 370 is divided by 54?
46
Calculate the remainder when 192 is divided by 3.
0
Calculate the remainder when 694 is divided by 12.
10
What is the remainder when 817 is divided by 226?
139
What is the remainder when 19 is divided by 17?
2
Calculate the remainder when 415 is divided by 71.
60
What is the remainder when 146 is divided by 39?
29
Calculate the remainder when 734 is divided by 49.
48
Calculate the remainder when 914 is divided by 66.
56
Calculate the remainder when 246 is divided by 66.
48
Calculate the remainder when 115 is divided by 76.
39
What is the remainder when 317 is divided by 113?
91
What is the remainder when 103 is divided by 83?
20
Calculate the remainder when 1393 is divided by 278.
3
What is the remainder when 541 is divided by 39?
34
What is the remainder when 304 is divided by 61?
60
Calculate the remainder when 160 is divided by 134.
26
What is the remainder when 427 is divided by 24?
19
Calculate the remainder when 1098 is divided by 259.
62
What is the remainder when 650 is divided by 163?
161
Calculate the remainder when 120 is divided by 55.
10
Calculate the remainder when 723 is divided by 13.
8
Calculate the remainder when 140 is divided by 55.
30
What is the remainder when 373 is divided by 56?
37
What is the remainder when 7597 is divided by 95?
92
What is the remainder when 13241 is divided by 64?
57
Calculate the remainder when 23397 is divided by 15.
12
Calculate the remainder when 369 is divided by 53.
51
Calculate the remainder when 778 is divided by 60.
58
What is the remainder when 88 is divided by 9?
7
What is the remainder when 661 is divided by 35?
31
Calculate the remainder when 587 is divided by 79.
34
Calculate the remainder when 326 is divided by 22.
18
Calculate the remainder when 591 is divided by 295.
1
What is the remainder when 209 is divided by 116?
93
Calculate the remainder when 389 is divided by 383.
6
Calculate the remainder when 327 is divided by 21.
12
Calculate the remainder when 1095 is divided by 9.
6
What is the remainder when 26727 is divided by 110?
107
Calculate the remainder when 356 is divided by 28.
20
Calculate the remainder when 268 is divided by 15.
13
Calculate the remainder when 43 is divided by 18.
7
What is the remainder when 508 is divided by 235?
38
Calculate the remainder when 47 is divided by 8.
7
Calculate the remainder when 5821 is divided by 28.
25
Calculate the remainder when 3484 is divided by 83.
81
Calculate the remainder when 166 is divided by 14.
12
Calculate the remainder when 1838 is divided by 234.
200
Calculate the remainder when 102 is divided by 12.
6
What is the remainder when 89 is divided by 16?
9
What is the remainder when 167 is divided by 12?
11
Calculate the remainder when 967 is divided by 89.
77
Calculate the remainder when 101 is divided by 26.
23
Calculate the remainder when 321 is divided by 23.
22
What is the remainder when 67 is divided by 43?
24
Calculate the remainder when 233 is divided by 48.
41
Calculate the remainder when 28 is divided by 24.
4
Calculate the remainder when 310 is divided by 103.
1
Calculate the remainder when 719 is divided by 34.
5
Calculate the remainder whe